pose 5*y - i = -4*b + 2*y, -c*y - 24 = -5*b. What is the units digit of b?
6
Suppose -p + 20 + 50 = 0. Let t be (4 + -2)*p/(-4). Let m = -25 - t. What is the units digit of m?
0
Let y(s) = -s**3 - 7*s**2 + 4. Let i be y(-7). Let m(g) = -g + i*g - 6 + 1. What is the tens digit of m(5)?
1
What is the units digit of 1*-19*(42/7 - 7)?
9
What is the hundreds digit of ((-10)/4)/(7/(-798))?
2
Suppose -6*d + 1900 = 4*d. What is the hundreds digit of d?
1
Let v(w) = 3*w**2 + 6*w - 7. Let f be v(-6). Suppose 0*i - 52 = 4*i + 4*z, -5*i + 3*z = f. Let n(a) = a**2 + 12*a + 6. What is the units digit of n(i)?
9
Suppose 3 = -w + 9. Let n = -7 + w. What is the units digit of (-196)/(-21) + n/3?
9
Suppose 2*d + 4*i - 8 = 0, 0 = 3*i + 2*i. Let o be (-7*d)/((-6)/3). Suppose -4*l + 31 = 2*r - 7*r, o = 5*l + 2*r. What is the units digit of l?
4
Suppose -j - 5*r = -22, 4*j + 0*r = 2*r. Let a be 62/5 + (-4)/10. Suppose -z + a = j*z. What is the units digit of z?
4
Let l(s) = -4 + 1 + 5 - 3. Let v(m) = -m - 11. Let j(n) = 3*l(n) - v(n). What is the units digit of j(-7)?
1
Let k(b) be the second derivative of -b**3/6 - b**2 + 3*b. Let h be k(-5). Suppose -5*f = h*a - 108, 0 = f - 0*a - a - 20. What is the tens digit of f?
2
Suppose 0 = k + 6. What is the units digit of (-50)/k + 4/6?
9
Let z(x) = 15*x**3 - 1 - 4*x**2 - 5 + 2*x - 14*x**3. Suppose 0*j + 12 = 3*j. What is the units digit of z(j)?
2
Let t(b) = 3*b**3 - 2*b**2 - 2*b**2 - 8*b - 3 + 17*b - 5*b. Let m = -5 - -7. What is the tens digit of t(m)?
1
Let y be -34*(9/(-2) + 1). Let a = y + -71. Suppose 0*h = -4*h - c + 48, 0 = -4*h - 4*c + a. What is the tens digit of h?
1
Let d(m) = -m**3 - 6*m**2 + m + 6. Let q be d(-6). Suppose 3*i - 3 - 3 = q, -t - 3*i - 27 = 0. Let p = t - -47. What is the units digit of p?
4
Let g = 7 + 5. Suppose 12 = 5*z - 3. Suppose -g = -z*s - 0*s. What is the units digit of s?
4
Let i be ((-10)/4)/(1/2). Suppose 4*r + y = -20, 0 = 2*r + y - 3*y. Let f = r - i. What is the units digit of f?
1
Suppose -4*y + j - 7 = 0, -3*y + 0*y + j = 4. Let r be 21/(-14)*2/y. Suppose 2*c = -3*g - 3*c + r, 4*c + 23 = g. What is the units digit of g?
7
Suppose -y + o - 2*o + 5 = 0, -2*y = 4*o - 2. Suppose i = -2*i + y. Suppose 0*q - 51 = -i*q. What is the tens digit of q?
1
Let h = -101 + 156. What is the tens digit of h?
5
Suppose -a + 0*a - 6 = 0. What is the units digit of -6*3/a*3?
9
Let x be ((-2)/2)/((-4)/12). Suppose 5*l + 5 = -x*o, 2*o - o = -3*l - 7. What is the units digit of o?
5
Suppose -18 + 2 = -4*t - 4*x, 2*x = -3*t + 14. Suppose -t*g + g = -35. Suppose -4*f + 29 = 5*k - g*f, -f = -5*k + 33. What is the units digit of k?
7
Suppose 2*n = -3*w + 10 + 6, -n - w = -6. What is the units digit of n?
2
Suppose 3*v - 117 = 4*t - 8*t, -3*v + 3*t = -138. What is the tens digit of v?
4
What is the tens digit of (-1195)/(-7) - -1*(-8)/(-28)?
7
Let g be ((-6)/(-5))/((-9)/45). What is the tens digit of (8/g)/((-10)/285)?
3
Suppose -4*j + 10 = -34. What is the units digit of j?
1
Suppose -90 = -2*r - o + 5*o, -3*r + 162 = 3*o. What is the tens digit of r?
5
Suppose -81 = -q + 17. What is the tens digit of (-3)/(-1)*q/21?
1
Let n(k) be the second derivative of k**3/6 - k. Let h be n(-2). What is the units digit of h/(-3) - (-2)/6?
1
Let n = 22 + -16. Let m = -1 + n. Let c = m - -3. What is the units digit of c?
8
Suppose -5*v + 15 = 5*x, x - 15 = -5*v + 3*x. Suppose 0 = v*q - 9, -2*q + 12 = -3*w - q. Let f(o) = -5*o + 1. What is the units digit of f(w)?
6
Suppose -3*u = -8*u - 2*b + 33, 0 = -5*u + 2*b + 17. Suppose -u*o = 2*g - 15, -7*o - 6 = -3*o - 2*g. What is the units digit of o?
1
Suppose r - 3 + 2 = 0. Let w(o) = o. What is the units digit of w(r)?
1
Let l = -104 + 254. What is the hundreds digit of l?
1
Let g(p) = 2*p - 3. Let k be g(2). Suppose -6 + k = -h. What is the units digit of h?
5
Suppose 4*c - 8 = 6*c. Let d(f) = -2*f + 2. What is the units digit of d(c)?
0
Let b(v) = -v + 17. Let u be b(7). Suppose 0 = 4*a - u - 14. What is the units digit of a?
6
Suppose -4*x = u + u - 34, 5*x = 3*u - 84. What is the tens digit of u?
2
What is the units digit of 4/2 - (-5)/(-5)?
1
Suppose 0 = 3*d + 3*l, 4*d - 18 = l + l. Let a(w) = -w**3 + 3*w**2 - 4*w + 4. Let b be a(d). What is the units digit of (-6)/3*-1 - b?
0
Let b be (-20*1)/(1 - 2). Suppose -b = 2*o - 3*o. Suppose o = 4*q - 2*q. What is the units digit of q?
0
Suppose o + 2*o - 6 = 0. Suppose 5*u = o*u + 30. What is the units digit of u?
0
Let g = -9 + 17. Suppose -g - 12 = -4*y. Suppose -2*n + 0*n - r + y = 0, -4*r + 11 = -n. What is the units digit of n?
1
Let l = 48 + -23. What is the tens digit of l?
2
Let d(q) = -6*q**3 + q**2 + q - 1. What is the tens digit of d(-2)?
4
Let u be ((-138)/(-9))/(4/(-6)). Let r = u - -38. What is the units digit of r?
5
Suppose 9*m = 4*m. Suppose m*n - n - 2*w + 7 = 0, -5*n + 67 = 2*w. Suppose -42 = -3*u - n. What is the units digit of u?
9
Let p = -74 - -135. What is the tens digit of p?
6
Let w(u) = -u**3 - 8*u**2 + 14*u + 11. What is the units digit of w(-10)?
1
Let y(u) = 2*u + 3. Let q be y(12). Let f = q + 6. What is the units digit of f?
3
Let r(f) = f**2. Let o(g) = 3*g**2 + 5*g - 2. Let l(b) = -o(b) + 4*r(b). What is the units digit of l(6)?
8
Let k = 251 - 161. What is the tens digit of k?
9
Suppose -4*f - 2*g = -3*g, 0 = 5*f - 4*g. Suppose 2*t = 2*m + 4, -m = t - f*m. Let c = 1 + t. What is the units digit of c?
2
Suppose 0 = 5*p - p + 20. Let v = 1 - p. What is the units digit of v?
6
Let v be (-14)/(-28) + (-42)/4. Let j(i) = -i + 13. What is the units digit of j(v)?
3
Suppose -2*q + 5 = -4*l - 1, -3*l - 3*q = -18. Let y(h) = h**3 - 3*h**2 + 1. Let v be y(2). What is the units digit of l/(v*(-1)/21)?
7
Let r = 23 - 4. What is the units digit of r?
9
Let v be -2 - (0 + -1) - -3. Suppose 0 = v*o + o. Suppose o*z - 3*z = -54. What is the tens digit of z?
1
Suppose g - 5*g + 52 = 0. Suppose 0 = -g*b + 12*b + 22. What is the units digit of b?
2
Suppose 5*r + 6 = -19. Let d(u) = -u. What is the units digit of d(r)?
5
Suppose -3*d = 9 - 99. What is the units digit of d?
0
What is the tens digit of (-182)/(-21)*3*1?
2
Let d(i) = 37*i - 12. What is the hundreds digit of d(6)?
2
Let p(b) be the third derivative of b**4/24 + 7*b**3/3 - 9*b**2. What is the units digit of p(-11)?
3
Let t(n) = n**3 - 7*n**2 + 4*n + 7. Let w be t(6). Let j = w - -7. What is the units digit of j?
2
Let o be (-91)/(-28) - (-1)/(-4). What is the units digit of o - (2 + 4/(-2))?
3
Let x = -4 - -1. Let n = -6 + x. What is the units digit of (2 - n) + 3*-1?
8
Let i = -69 - -115. What is the tens digit of i?
4
What is the tens digit of ((-2)/6)/((-11)/2112)?
6
Let w(m) be the first derivative of 1 + 1/3*m**3 + 0*m**2 - 2*m. What is the units digit of w(2)?
2
Let v be (-2)/(-8) + (-4)/16. Suppose v = -2*u - 7 + 35. What is the units digit of u/6*3 - 1?
6
Let f = 54 + 83. What is the hundreds digit of f?
1
Suppose 2*n = -n - 120. Let o be (1 + -1 - n) + -1. Suppose 0 = -2*b + 5*a - 8 + 42, -o = -5*b + a. What is the units digit of b?
7
Suppose 0 = -6*u + 7*u + 7. Let m(o) = o**3 + 6*o**2 - 10*o - 6. What is the tens digit of m(u)?
1
Let g(l) = -5*l - 1 - 3 + 0 + 1. What is the units digit of g(-3)?
2
What is the units digit of (-6)/1 - -7 - (-1 + -87)?
9
Let c be 10 - (-3)/6*-2. Let b = c - 7. What is the units digit of b?
2
Let w(h) = h + 9. What is the tens digit of w(5)?
1
Let x(g) = -g**3 + 8*g**2 + g - 8. Let k be x(8). Suppose k*r - r = -15. What is the tens digit of r?
1
Suppose 2*b = -0*b + 112. What is the units digit of b?
6
Let y(b) = 2*b**2 + 2*b - 1. Let d be y(-2). What is the tens digit of (-1 + d)/(13/104)?
1
Let s(g) be the third derivative of 0 + 0*g + 1/60*g**5 - 1/3*g**3 - 3*g**2 + 0*g**4. What is the units digit of s(2)?
2
Suppose -3*q = 2*z - 63, 3*q + 4*z = -0*q + 57. What is the tens digit of q?
2
Suppose 2 = -3*r + 8, 2*r + 2 = 3*c. Let s = 6 - c. What is the units digit of s?
4
Suppose -2*z = -5*r + 34, r - 2*r + 3*z - 1 = 0. What is the units digit of r?
8
Suppose 2*n = -n. Suppose -2*c = -c, n = x + 5*c + 12. What is the units digit of 4/(x/(-9)) + 0?
3
Let k = 15 - 12. Suppose -5*a + 3*c + 120 = 0, 0*a - a - k*c = -24. What is the tens digit of a?
2
Let b be (-9)/(0 + (-1)/3). Let o = 5 - 2. Suppose -6 + b